9928.
2, 3, 12497
List the prime factors of 537376.
2, 7, 2399
List the prime factors of 8131710.
2, 3, 5, 271057
List the prime factors of 254880.
2, 3, 5, 59
What are the prime factors of 8134531?
113, 71987
What are the prime factors of 339237?
3, 37693
What are the prime factors of 680323?
7, 17, 5717
List the prime factors of 5584544.
2, 7, 107, 233
List the prime factors of 15277453.
15277453
List the prime factors of 408904.
2, 79, 647
List the prime factors of 17027649.
3, 31, 61031
List the prime factors of 110916.
2, 3, 13, 79
List the prime factors of 7466971.
1439, 5189
List the prime factors of 1370983.
19, 59, 1223
What are the prime factors of 6527923?
263, 24821
What are the prime factors of 237909?
3, 7, 11329
List the prime factors of 135299.
19, 7121
What are the prime factors of 277799?
19, 14621
List the prime factors of 281696.
2, 8803
What are the prime factors of 202036?
2, 53, 953
What are the prime factors of 114796?
2, 11, 2609
What are the prime factors of 3774420?
2, 3, 5, 13, 1613
What are the prime factors of 233302?
2, 157, 743
List the prime factors of 7323726.
2, 3, 383, 3187
What are the prime factors of 30916882?
2, 47, 67, 4909
What are the prime factors of 1560845?
5, 11, 13, 37, 59
List the prime factors of 3239541.
3, 119983
List the prime factors of 266226.
2, 3, 44371
List the prime factors of 7662806.
2, 97, 39499
List the prime factors of 11561852.
2, 2890463
What are the prime factors of 610592?
2, 19081
List the prime factors of 1404793.
13, 108061
What are the prime factors of 51734?
2, 25867
What are the prime factors of 282546?
2, 3, 11, 1427
List the prime factors of 656704.
2, 31, 331
List the prime factors of 3865363.
3865363
What are the prime factors of 1482690?
2, 3, 5, 11, 4493
List the prime factors of 3147181.
3147181
List the prime factors of 989506.
2, 7, 23, 439
What are the prime factors of 86868?
2, 3, 19, 127
List the prime factors of 731497.
13, 56269
List the prime factors of 11812.
2, 2953
What are the prime factors of 892916?
2, 223229
List the prime factors of 4463753.
7, 91097
What are the prime factors of 4156074?
2, 3, 13, 17761
What are the prime factors of 106714?
2, 229, 233
List the prime factors of 3948420.
2, 3, 5, 7, 17, 79
List the prime factors of 1235698.
2, 23, 26863
What are the prime factors of 6078899?
6078899
List the prime factors of 1924107.
3, 673, 953
What are the prime factors of 206708?
2, 31, 1667
List the prime factors of 289250.
2, 5, 13, 89
List the prime factors of 11729410.
2, 5, 7, 11, 15233
What are the prime factors of 601469?
11, 54679
List the prime factors of 15353835.
3, 5, 7, 31, 53, 89
List the prime factors of 3774574.
2, 181, 10427
List the prime factors of 10922764.
2, 2730691
List the prime factors of 5698204.
2, 23, 241, 257
What are the prime factors of 38259991?
7, 11, 131, 3793
List the prime factors of 984875.
5, 7879
What are the prime factors of 600678?
2, 3, 13, 17, 151
What are the prime factors of 2307342?
2, 3, 17, 22621
What are the prime factors of 1043889?
3, 7, 11, 4519
List the prime factors of 1954575.
3, 5, 7, 17, 73
List the prime factors of 3900067.
3900067
List the prime factors of 570896.
2, 31, 1151
What are the prime factors of 1026224?
2, 31, 2069
What are the prime factors of 8705?
5, 1741
List the prime factors of 9174576.
2, 3, 191137
List the prime factors of 11184390.
2, 3, 5, 7, 41, 433
List the prime factors of 7117892.
2, 71, 353
List the prime factors of 229018.
2, 43, 2663
What are the prime factors of 463682?
2, 231841
List the prime factors of 7950403.
7950403
List the prime factors of 639402.
2, 3, 61, 1747
What are the prime factors of 21951918?
2, 3, 406517
What are the prime factors of 459411?
3, 153137
List the prime factors of 847555.
5, 337, 503
List the prime factors of 7120325.
5, 284813
List the prime factors of 1324519.
7, 27031
What are the prime factors of 8570219?
7, 281, 4357
What are the prime factors of 139879?
43, 3253
What are the prime factors of 30423607?
173, 175859
List the prime factors of 694324.
2, 23, 7547
What are the prime factors of 89888?
2, 53
List the prime factors of 12235950.
2, 3, 5, 27191
What are the prime factors of 11408974?
2, 5704487
What are the prime factors of 299928?
2, 3, 12497
List the prime factors of 12097982.
2, 13, 17, 101, 271
List the prime factors of 17858130.
2, 3, 5, 595271
List the prime factors of 1235421.
3, 11, 12479
What are the prime factors of 2355736?
2, 294467
List the prime factors of 79315.
5, 29, 547
List the prime factors of 577795.
5, 73, 1583
What are the prime factors of 597570?
2, 3, 5, 19919
What are the prime factors of 171666?
2, 3, 11, 17
List the prime factors of 49550.
2, 5, 991
List the prime factors of 4010615.
5, 7, 19, 37, 163
List the prime factors of 112471.
47, 2393
What are the prime factors of 11437007?
1103, 10369
List the prime factors of 1234545.
3, 5, 13, 487
List the prime factors of 667600.
2, 5, 1669
What are the prime factors of 2735928?
2, 3, 13, 37, 79
What are the prime factors of 324956?
2, 81239
List the prime factors of 403782.
2, 3, 173, 389
List the prime factors of 1053985.
5, 277, 761
What are the prime factors of 359761?
359761
List the prime factors of 1120301.
7, 13, 947
List the prime factors of 2317634.
2, 11, 61, 157
What are the prime factors of 301336?
2, 7, 5381
List the prime factors of 4997716.
2, 23, 54323
What are the prime factors of 11143838?
2, 5571919
List the prime factors of 330267.
3, 7, 15727
List the prime factors of 9282702.
2, 3, 11, 13, 31, 349
List the prime factors of 4174777.
4174777
What are the prime factors of 5588084?
2, 1397021
What are the prime factors of 246055?
5, 49211
List the prime factors of 316324.
2, 31, 2551
List the prime factors of 115021.
115021
List the prime factors of 22362225.
3, 5, 17, 17539
List the prime factors of 312391.
37, 8443
What are the prime factors of 38794606?
2, 23, 843361
List the prime factors of 1535630.
2, 5, 153563
What are the prime factors of 5123682?
2, 3, 239, 397
What are the prime factors of 2929707?
3, 11, 101, 293
What are the prime factors of 2390553?
3, 11, 2683
List the prime factors of 2605923.
3, 23, 12589
What are the prime factors of 365893?
11, 29, 31, 37
List the prime factors of 148628.
2, 73, 509
List the prime factors of 1911375.
3, 5, 1699
What are the prime factors of 330769?
17, 19457
List the prime factors of 2251401.
3, 23, 67, 487
List the prime factors of 597435.
3, 5, 39829
What are the prime factors of 59578?
2, 29789
What are the prime factors of 731486?
2, 7, 52249
What are the prime factors of 3322447?
127, 26161
What are the prime factors of 48009?
3, 13, 1231
What are the prime factors of 172511?
167, 1033
List the prime factors of 237694.
2, 17, 6991
What are the prime factors of 811668?
2, 3, 11, 13, 43
List the prime factors of 3014136.
2, 3, 41863
What are the prime factors of 223592?
2, 19, 1471
List the prime factors of 1432907.
7, 29243
What are the prime factors of 17385524?
2, 13, 367, 911
What are the prime factors of 896248?
2, 112031
What are the prime factors of 1604465?
5, 107, 2999
What are the prime factors of 1869715?
5, 373943
What are the prime factors of 2800336?
2, 7, 11, 2273
List the prime factors of 6316435.
5, 17, 74311
List the prime factors of 425875.
5, 3407
List the prime factors of 200075.
5, 53, 151
List the prime factors of 15418778.
2, 29, 265841
List the prime factors of 399740.
2, 5, 11, 23, 79
List the prime factors of 5927286.
2, 3, 101, 9781
What are the prime factors of 17520164?
2, 859, 5099
List the prime factors of 266515.
5, 151, 353
What are the prime factors of 9389?
41, 229
What are the prime factors of 21096724?
2, 11, 97, 4943
List the prime factors of 18469836.
2, 3, 7, 11, 2221
What are the prime factors of 384238?
2, 23, 8353
What are the prime factors of 873147?
3, 11, 26459
List the prime factors of 27117479.
27117479
What are the prime factors of 147004?
2, 11, 13, 257
What are the prime factors of 1984175?
5, 79367
What are the prime factors of 10248068?
2, 19, 47, 151
List the prime factors of 2721156.
2, 3, 17, 13339
What are the prime factors of 2042999?
7, 291857
List the prime factors of 299627.
103, 2909
What are the prime f